{"id":72,"date":"2019-09-23T09:14:53","date_gmt":"2019-09-23T07:14:53","guid":{"rendered":"https:\/\/cloud.mso-hef.de\/obl-shop\/index.php\/mesmerize\/"},"modified":"2019-11-18T10:00:26","modified_gmt":"2019-11-18T09:00:26","slug":"mesmerize","status":"publish","type":"page","link":"https:\/\/cloud.mso-hef.de\/obl-shop\/","title":{"rendered":"Front Page"},"content":{"rendered":"<div id=\"overlappable-4\" class=\"overlappable-4 content-section content-section-spacing\" style=\"background-color: #ffffff;\" data-label=\"Overlappable\" data-id=\"overlappable-4\" data-export-id=\"overlappable-4\" data-category=\"overlappable\" data-overlap=\"true\">\n<div class=\"gridContainer\">\n<div class=\"row spaced-cols text-center\" data-type=\"row\">\n<div class=\"col-xs-12 col-sm-4 col-padding\"><i class=\"fa icon shadow-large-black aligncenter color1 fa-shopping-cart reverse round large\"><\/i><\/p>\n<div class=\"\" data-type=\"column\"><a class=\"button blue\" href=\"https:\/\/cloud.mso-hef.de\/obl-shop\/index.php\/shop\/\" data-cp-link=\"1\">Zum Shop<\/a><\/div>\n<\/div>\n<div class=\"col-xs-12 col-sm-4 col-padding\"><i class=\"fa icon shadow-large-black aligncenter color1 fa-industry reverse round large\"><\/i><\/p>\n<div class=\"\" data-type=\"column\"><a class=\"button blue\" href=\"https:\/\/cloud.mso-hef.de\/obl-shop\/index.php\/die-uebungsfirma\/\" target=\"_self\" rel=\"noopener noreferrer\" data-cp-link=\"1\">Die \u00dcbungsfirma<\/a><\/div>\n<\/div>\n<div class=\"col-xs-12 col-sm-4 col-padding\"><i class=\"fa icon shadow-large-black aligncenter color1 fa-location-arrow reverse round large\"><\/i><\/p>\n<div class=\"\" data-type=\"column\"><a class=\"button blue\" href=\"https:\/\/cloud.mso-hef.de\/obl-shop\/index.php\/kontakt\/\" target=\"_self\" rel=\"noopener noreferrer\" data-cp-link=\"1\">Kontakt<\/a><\/div>\n<\/div>\n<\/div>\n<\/div>\n<\/div>\n<div id=\"cta-1\" class=\"cta-blue-section content-section content-section-spacing-medium bg-color1 white-text\" data-label=\"Cta\" data-id=\"cta--1\" data-export-id=\"cta-blue-section\" data-category=\"cta\">\n<div class=\"gridContainer\">\n<div class=\"row middle-xs\">\n<div class=\"col-sm-8 space-bottom-xs\" data-type=\"column\">\n<h2 class=\"\">Hinweis:<\/h2>\n<p>Wir sind eine \u00dcbungsfirma der Modellschule Obersberg. Dieser Shop dient nur zu \u00dcbungszwecken. Eine Bestellung kann nur durch andere \u00dcbungsfirmen durchgef\u00fchrt werden.<\/p>\n<\/div>\n<div class=\"col-sm-4 end-sm\" data-type=\"column\"><img decoding=\"async\" class=\"custom-image\" title=\"cropped-flat-2126885_1280.png\" src=\"https:\/\/cloud.mso-hef.de\/obl-shop\/wp-content\/uploads\/2019\/10\/cropped-flat-2126885_1280.png\" alt=\"\" \/><\/div>\n<\/div>\n<\/div>\n<\/div>\n","protected":false},"excerpt":{"rendered":"<p>Zum Shop Die \u00dcbungsfirma Kontakt Hinweis: Wir sind eine \u00dcbungsfirma der Modellschule Obersberg. Dieser Shop dient nur zu \u00dcbungszwecken. Eine Bestellung kann nur durch andere \u00dcbungsfirmen durchgef\u00fchrt werden.<\/p>\n","protected":false},"author":2,"featured_media":0,"parent":0,"menu_order":0,"comment_status":"closed","ping_status":"closed","template":"page-templates\/homepage.php","meta":{"footnotes":""},"class_list":["post-72","page","type-page","status-publish","hentry"],"_links":{"self":[{"href":"https:\/\/cloud.mso-hef.de\/obl-shop\/index.php\/wp-json\/wp\/v2\/pages\/72","targetHints":{"allow":["GET"]}}],"collection":[{"href":"https:\/\/cloud.mso-hef.de\/obl-shop\/index.php\/wp-json\/wp\/v2\/pages"}],"about":[{"href":"https:\/\/cloud.mso-hef.de\/obl-shop\/index.php\/wp-json\/wp\/v2\/types\/page"}],"author":[{"embeddable":true,"href":"https:\/\/cloud.mso-hef.de\/obl-shop\/index.php\/wp-json\/wp\/v2\/users\/2"}],"replies":[{"embeddable":true,"href":"https:\/\/cloud.mso-hef.de\/obl-shop\/index.php\/wp-json\/wp\/v2\/comments?post=72"}],"version-history":[{"count":12,"href":"https:\/\/cloud.mso-hef.de\/obl-shop\/index.php\/wp-json\/wp\/v2\/pages\/72\/revisions"}],"predecessor-version":[{"id":378,"href":"https:\/\/cloud.mso-hef.de\/obl-shop\/index.php\/wp-json\/wp\/v2\/pages\/72\/revisions\/378"}],"wp:attachment":[{"href":"https:\/\/cloud.mso-hef.de\/obl-shop\/index.php\/wp-json\/wp\/v2\/media?parent=72"}],"curies":[{"name":"wp","href":"https:\/\/api.w.org\/{rel}","templated":true}]}}