{"id":53,"date":"2019-09-19T11:55:49","date_gmt":"2019-09-19T09:55:49","guid":{"rendered":"https:\/\/cloud.mso-hef.de\/obl-shop\/?page_id=53"},"modified":"2020-01-20T10:54:55","modified_gmt":"2020-01-20T09:54:55","slug":"ueber-uns","status":"publish","type":"page","link":"https:\/\/cloud.mso-hef.de\/obl-shop\/index.php\/ueber-uns\/","title":{"rendered":"\u00dcber uns"},"content":{"rendered":"<h2 class=\"\"><span style=\"color: #3366ff;\">Hinweis:<\/span><\/h2>\n<p>Wir sind eine \u00dcbungsfirma der Modellschule Obersberg. Dieser Shop dient nur zu \u00dcbungszwecken. Eine Bestellung kann nur durch andere \u00dcbungsfirmen durchgef\u00fchrt werden.<\/p>\n<p>Wir verkaufen auf dieser Website unsere hochwertigen Gartenh\u00e4user und -m\u00f6bel, Spielh\u00e4user, Kinderm\u00f6bel und Holzspielwaren. Unsere Produkte werden verantwortungsbewusst und nachhaltig hergestellt; Sie erhalten unser Versprechen auf Qualit\u00e4t. Wir stehen Ihnen gerne f\u00fcr jegliche Fragen offen.<\/p>\n","protected":false},"excerpt":{"rendered":"<p>Hinweis: Wir sind eine \u00dcbungsfirma der Modellschule Obersberg. Dieser Shop dient nur zu \u00dcbungszwecken. Eine Bestellung kann nur durch andere \u00dcbungsfirmen durchgef\u00fchrt werden. Wir verkaufen auf dieser Website unsere hochwertigen Gartenh\u00e4user und -m\u00f6bel, Spielh\u00e4user, Kinderm\u00f6bel und Holzspielwaren. Unsere Produkte werden verantwortungsbewusst und nachhaltig hergestellt; Sie erhalten unser Versprechen auf Qualit\u00e4t. Wir stehen Ihnen gerne f\u00fcr&hellip; <br \/> <a class=\"read-more\" href=\"https:\/\/cloud.mso-hef.de\/obl-shop\/index.php\/ueber-uns\/\">Weiterlesen<\/a><\/p>\n","protected":false},"author":1,"featured_media":0,"parent":0,"menu_order":0,"comment_status":"closed","ping_status":"closed","template":"","meta":{"footnotes":""},"class_list":["post-53","page","type-page","status-publish","hentry"],"_links":{"self":[{"href":"https:\/\/cloud.mso-hef.de\/obl-shop\/index.php\/wp-json\/wp\/v2\/pages\/53","targetHints":{"allow":["GET"]}}],"collection":[{"href":"https:\/\/cloud.mso-hef.de\/obl-shop\/index.php\/wp-json\/wp\/v2\/pages"}],"about":[{"href":"https:\/\/cloud.mso-hef.de\/obl-shop\/index.php\/wp-json\/wp\/v2\/types\/page"}],"author":[{"embeddable":true,"href":"https:\/\/cloud.mso-hef.de\/obl-shop\/index.php\/wp-json\/wp\/v2\/users\/1"}],"replies":[{"embeddable":true,"href":"https:\/\/cloud.mso-hef.de\/obl-shop\/index.php\/wp-json\/wp\/v2\/comments?post=53"}],"version-history":[{"count":8,"href":"https:\/\/cloud.mso-hef.de\/obl-shop\/index.php\/wp-json\/wp\/v2\/pages\/53\/revisions"}],"predecessor-version":[{"id":391,"href":"https:\/\/cloud.mso-hef.de\/obl-shop\/index.php\/wp-json\/wp\/v2\/pages\/53\/revisions\/391"}],"wp:attachment":[{"href":"https:\/\/cloud.mso-hef.de\/obl-shop\/index.php\/wp-json\/wp\/v2\/media?parent=53"}],"curies":[{"name":"wp","href":"https:\/\/api.w.org\/{rel}","templated":true}]}}